emainder when 35520479 is divided by 510?
509
What is the remainder when 14675 is divided by 116?
59
What is the remainder when 3711947 is divided by 2?
1
What is the remainder when 27342 is divided by 72?
54
What is the remainder when 92569201 is divided by 322?
319
Calculate the remainder when 521092 is divided by 259468.
2156
Calculate the remainder when 7981539 is divided by 61.
55
What is the remainder when 7543772 is divided by 1735?
1727
What is the remainder when 16252502 is divided by 68?
26
Calculate the remainder when 93367229 is divided by 178.
177
What is the remainder when 30795219 is divided by 14?
7
Calculate the remainder when 3175013 is divided by 1011.
473
What is the remainder when 231316 is divided by 4205?
41
Calculate the remainder when 1323250 is divided by 66154.
170
Calculate the remainder when 158352 is divided by 5647.
236
What is the remainder when 54916748 is divided by 1750?
1748
Calculate the remainder when 536158 is divided by 5881.
987
Calculate the remainder when 20188171 is divided by 5047037.
23
Calculate the remainder when 608357819 is divided by 644.
643
What is the remainder when 323055 is divided by 160591?
1873
What is the remainder when 493484 is divided by 66?
2
What is the remainder when 333873 is divided by 2927?
195
What is the remainder when 1597996 is divided by 25365?
1
Calculate the remainder when 1171593 is divided by 368.
249
Calculate the remainder when 78157 is divided by 2000.
157
Calculate the remainder when 1417388 is divided by 177171.
20
Calculate the remainder when 106578 is divided by 397.
182
Calculate the remainder when 7013 is divided by 1396.
33
Calculate the remainder when 219360 is divided by 2848.
64
What is the remainder when 120085 is divided by 501?
346
What is the remainder when 1142462 is divided by 337?
32
What is the remainder when 951386 is divided by 125?
11
What is the remainder when 1877503 is divided by 745?
103
What is the remainder when 977843 is divided by 4548?
23
What is the remainder when 220859399 is divided by 1671?
1658
What is the remainder when 155512 is divided by 341?
16
Calculate the remainder when 3576660 is divided by 6723.
24
Calculate the remainder when 395154 is divided by 65323.
3216
Calculate the remainder when 3211070 is divided by 43.
2
Calculate the remainder when 49167286 is divided by 1524.
1522
What is the remainder when 10096778 is divided by 7?
6
What is the remainder when 284871 is divided by 56838?
681
Calculate the remainder when 1945153 is divided by 972570.
13
What is the remainder when 656105883 is divided by 359?
355
Calculate the remainder when 216638 is divided by 54132.
110
What is the remainder when 10874825 is divided by 5437381?
63
Calculate the remainder when 78748 is divided by 328.
28
What is the remainder when 138370 is divided by 34559?
134
What is the remainder when 3949437 is divided by 16?
13
What is the remainder when 4618021 is divided by 500?
21
What is the remainder when 7290937 is divided by 1491?
1438
Calculate the remainder when 11399458 is divided by 1878.
1876
Calculate the remainder when 13077 is divided by 6391.
295
Calculate the remainder when 137124 is divided by 1827.
99
Calculate the remainder when 110907 is divided by 27664.
251
What is the remainder when 826424 is divided by 275362?
338
What is the remainder when 43324747 is divided by 1049?
1047
Calculate the remainder when 2484158 is divided by 827856.
590
What is the remainder when 51037469 is divided by 15?
14
What is the remainder when 1568259 is divided by 1113?
42
What is the remainder when 823291975 is divided by 6284?
6283
What is the remainder when 4889508 is divided by 101?
98
What is the remainder when 37547 is divided by 4069?
926
What is the remainder when 41283 is divided by 86?
3
Calculate the remainder when 2073757 is divided by 1351.
1323
What is the remainder when 4129772 is divided by 65551?
59
What is the remainder when 29563 is divided by 1822?
411
Calculate the remainder when 245667 is divided by 421.
224
What is the remainder when 1006916 is divided by 207?
68
What is the remainder when 46511128 is divided by 5950?
5928
What is the remainder when 210289 is divided by 105096?
97
What is the remainder when 9161 is divided by 142?
73
Calculate the remainder when 2087000 is divided by 695558.
326
What is the remainder when 135940 is divided by 8625?
6565
Calculate the remainder when 60772340 is divided by 1298.
1278
What is the remainder when 2107 is divided by 1037?
33
Calculate the remainder when 2664312 is divided by 888100.
12
Calculate the remainder when 67089 is divided by 6333.
3759
What is the remainder when 19073759 is divided by 1006?
1005
Calculate the remainder when 359887 is divided by 13111.
5890
Calculate the remainder when 498862 is divided by 15.
7
Calculate the remainder when 28690943 is divided by 4098700.
43
What is the remainder when 6672295 is divided by 22167?
28
Calculate the remainder when 2662127 is divided by 787.
493
What is the remainder when 143610 is divided by 23865?
420
What is the remainder when 10015006 is divided by 52?
14
What is the remainder when 337938 is divided by 168406?
1126
What is the remainder when 7338000 is divided by 80?
0
Calculate the remainder when 13290561 is divided by 2242.
2227
Calculate the remainder when 890156 is divided by 3502.
648
What is the remainder when 41896337 is divided by 1995063?
14
Calculate the remainder when 228749 is divided by 40.
29
Calculate the remainder when 5086043 is divided by 1017207.
8
Calculate the remainder when 4293744 is divided by 687.
681
Calculate the remainder when 708667 is divided by 475.
442
What is the remainder when 90779834 is divided by 10086647?
11
What is the remainder when 176701 is divided by 22016?
573
What is the remainder when 3046455 is divided by 1286?
1207
Calculate the remainder when 1676140 is divided by 4365.
4345
Calculate the remainder when 27313 is divided by 882.
853
What is the remainder when 107649110 is divided by 53824543?
24
Calculate the remainder when 5597791 is divided by 454.
425
What is the remainder when 3902525 is divided by 7?
4
What is the remainder when 2708395 is divided by 2440?
2435
Calculate the remainder when 310075 is divided by 103351.
22
Calculate the remainder when 11337669 is divided by 242.
211
Calculate the remainder when 15283819 is divided by 101.
95
Calculate the remainder when 349493 is divided by 116353.
434
What is the remainder when 239558 is divided by 29939?
46
What is the remainder when 205209 is divided by 102145?
919
Calculate the remainder when 422389444 is divided by 1054.
1052
What is the remainder when 13408923 is divided by 53422?
1
What is the remainder when 229759218 is divided by 31?
21
What is the remainder when 10856878 is divided by 1550973?
67
What is the remainder when 220274 is divided by 31408?
418
What is the remainder when 73844 is divided by 3516?
8
What is the remainder when 861508 is divided by 20512?
4
What is the remainder when 156706 is divided by 4572?
1258
What is the remainder when 82119641 is divided by 537?
527
What is the remainder when 26039045 is divided by 14?
11
Calculate the remainder when 1780879 is divided by 106.
79
Calculate the remainder when 220405 is divided by 1711.
1397
What is the remainder when 783795 is divided by 130536?
579
Calculate the remainder when 9843888 is divided by 107.
102
Calculate the remainder when 50987775 is divided by 259.
258
Calculate the remainder when 1955422 is divided by 977340.
742
Calculate the remainder when 17135 is divided by 2099.
343
Calculate the remainder when 1492420 is divided by 3015.
3010
Calculate the remainder when 43350366 is divided by 468.
462
Calculate the remainder when 245745 is divided by 22306.
379
What is the remainder when 91015801 is divided by 30338586?
43
Calculate the remainder when 607322 is divided by 15555.
677
What is the remainder when 657701 is divided by 916?
13
What is the remainder when 66883 is divided by 881?
808
Calculate the remainder when 6191350 is divided by 269165.
555
What is the remainder when 9527751 is divided by 1768?
1767
Calculate the remainder when 131340546 is divided by 109.
15
What is the remainder when 578158 is divided by 576780?
1378
What is 